r(-38).
195
Let g(y) = 60*y - 315. Calculate g(4).
-75
Let i(t) = t**3 - 80*t**2 + 231*t - 160. Calculate i(77).
-160
Let w(j) = j**2 - 1041*j + 19417. Determine w(19).
-1
Let t(x) = -3*x**3 + 13*x**2 + 230*x - 1099. What is t(5)?
1
Let t(j) = -438*j - 14009. Calculate t(-32).
7
Let g(t) = -224*t + 20825. What is g(93)?
-7
Let w(v) = 4*v + 722. Calculate w(-179).
6
Let c(v) = 104*v + 215. Give c(-2).
7
Let s(q) = -284*q - 674. Determine s(-3).
178
Let p(k) = -4*k**2 + 25*k + 28. What is p(12)?
-248
Let f(i) = 39*i**2 + 2851*i + 283. Give f(-73).
-9
Let k(t) = -116*t - 2069. Calculate k(-18).
19
Let q(v) = 1146*v + 5711. Give q(-5).
-19
Let f(o) = 36*o - 35. Determine f(3).
73
Let r(x) = -364*x - 1480. Determine r(-5).
340
Let u(k) = 2*k**2 - 22*k + 20. Give u(15).
140
Let m(w) = -2*w**3 - 161*w**2 - 240*w - 252. Calculate m(-79).
-15
Let o(k) = 332*k + 45. What is o(0)?
45
Let u(b) = 2*b**3 - 16*b**2 + 4*b - 63. Give u(8).
-31
Let b(u) = -155*u + 2650. Calculate b(17).
15
Let u(s) = 8*s**2 + 34*s + 13. Give u(-4).
5
Let k(l) = -4*l - 150. Give k(-16).
-86
Let i(t) = -15*t - 325. Calculate i(-23).
20
Let v(g) = g**3 - 39*g**2 + 177*g - 32. What is v(5)?
3
Let b(v) = -v**3 + 7*v**2 + 51*v - 81. Give b(11).
-4
Let l(t) = -41*t - 51. Give l(-4).
113
Let x(y) = -130*y - 784. Calculate x(-6).
-4
Let l(w) = w**3 - 9*w**2 - 28*w + 3. What is l(11)?
-63
Let z(h) = 24*h + 15. What is z(-7)?
-153
Let r(u) = -19*u + 58. What is r(3)?
1
Let r(j) = 106*j - 133. Calculate r(11).
1033
Let j(k) = -15*k**3 + 3*k**2 + 18*k - 2. Calculate j(4).
-842
Let v(n) = -n**3 - 48*n**2 - 29*n + 822. Determine v(-47).
-24
Let c(r) = 9*r - 173. What is c(17)?
-20
Let l(z) = 3*z**2 - 93*z + 25. Give l(30).
-65
Let s(p) = p**2 - 10*p + 48. Calculate s(6).
24
Let o(a) = -a**2 + 43*a + 160. Determine o(0).
160
Let h(i) = 213*i + 1237. Give h(-6).
-41
Let g(k) = -k**3 + 42*k**2 - 32*k - 81. Give g(41).
288
Let z(c) = -673*c + 3309. What is z(5)?
-56
Let p(k) = -4*k**3 - 91*k**2 - 143*k + 46. Determine p(-21).
-38
Let l(n) = 5*n**2 + 133*n - 63. Calculate l(-26).
-141
Let g(t) = -3*t - 164. Give g(-37).
-53
Let g(v) = -v**3 + 2*v**2 + 3*v + 5. What is g(2)?
11
Let o(r) = 8*r**2 + 486*r - 91. Calculate o(-61).
31
Let c(o) = 363*o**2 + 30490*o - 153. What is c(-84)?
15
Let f(v) = -12*v**3 - 181*v**2 - 18*v + 50. Determine f(-15).
95
Let j(x) = 34*x - 5366. Determine j(156).
-62
Let t(w) = 2483*w + 7447. Calculate t(-3).
-2
Let n(m) = -12*m + 57. Give n(1).
45
Let p(y) = 66*y - 812. Determine p(8).
-284
Let u(j) = j**2 + 51*j + 649. Determine u(-26).
-1
Let k(t) = 3*t**3 - 5*t**2 - 64*t + 339. What is k(6)?
423
Let p(a) = -a**2 - 255*a - 2681. What is p(-11)?
3
Let m(r) = -52*r - 1469. What is m(-29)?
39
Let s(t) = t**3 - t**2 - 18*t - 3. Give s(-4).
-11
Let w(f) = -502*f + 2876. Determine w(6).
-136
Let c(q) = -q**3 - 34*q**2 + 116*q + 178. Calculate c(-37).
-7
Let r(k) = -6*k**2 - 65*k + 203. Give r(-12).
119
Let j(q) = -q**3 - 3*q**2 + 20*q + 43. Give j(6).
-161
Let p(k) = -k**3 + 5*k**2 + 54*k + 1. What is p(-5)?
-19
Let y(h) = -23*h**2 - 520*h - 2691. Give y(-8).
-3
Let w(v) = v**3 + 122*v**2 - 272*v - 18329. What is w(-123)?
-2
Let j(s) = s**2 + 146*s + 4424. Determine j(-103).
-5
Let j(i) = 24*i - 37. Give j(5).
83
Let u(l) = -398*l - 633. Give u(-2).
163
Let k(l) = 4*l**2 + 46*l + 134. Give k(-9).
44
Let g(k) = k**2 + 90*k + 942. Give g(-12).
6
Let t(q) = q**2 - 35*q - 723. Determine t(49).
-37
Let z(f) = -2*f**2 - 18*f - 81. Determine z(-15).
-261
Let y(w) = 2*w**3 + 33*w**2 + 48*w + 1112. Calculate y(-17).
7
Let s(q) = q**3 + 11*q**2 - 32*q + 49. Determine s(-14).
-91
Let a(f) = -110*f + 67. Give a(1).
-43
Let t(l) = l**2 + 39*l + 366. What is t(-16)?
-2
Let n(u) = 4*u**3 + 18*u**2 - 37*u - 4. Determine n(-6).
2
Let b(n) = n**3 + 10*n**2 - 14*n - 44. Calculate b(-11).
-11
Let d(w) = -64*w**2 - 3*w - 1. Give d(-2).
-251
Let b(j) = -47*j**3 - 2680*j**2 - 52*j + 308. Give b(-57).
23
Let p(q) = -2*q**3 - 64*q**2 + 292*q + 9349. Calculate p(-32).
5
Let s(k) = -151*k - 150. Calculate s(-1).
1
Let p(f) = -4*f + 200. Give p(7).
172
Let v(q) = -9*q**2 - 251*q + 20. Calculate v(-26).
462
Let d(t) = -19*t + 105. What is d(10)?
-85
Let w(k) = 1602*k + 16033. Determine w(-10).
13
Let b(f) = -444*f + 39959. Give b(90).
-1
Let z(f) = 55*f + 207. Calculate z(-5).
-68
Let s(r) = -2911*r + 46570. Calculate s(16).
-6
Let r(s) = s**2 + 32*s + 66. Give r(-30).
6
Let q(y) = y - 21. What is q(-9)?
-30
Let d(c) = -2*c**3 - 42*c**2 - 9*c - 181. Determine d(-21).
8
Let c(o) = -49*o + 57. What is c(2)?
-41
Let g(p) = 3*p**3 - 16*p**2 + 10*p + 33. Give g(8).
625
Let d(w) = -w**2 - 118*w + 868. Give d(-125).
-7
Let n(u) = -10*u - 87. Determine n(-12).
33
Let h(w) = 2*w**3 + 9*w**2 + 8*w + 19. Calculate h(0).
19
Let m(n) = 2*n**2 + 11*n - 1666. Determine m(26).
-28
Let o(h) = -h**2 + 109*h - 2540. What is o(37)?
124
Let d(t) = -153*t + 16809. What is d(110)?
-21
Let f(o) = 2*o**2 - 53*o - 6. Calculate f(22).
-204
Let t(d) = -2*d**2 - 46*d - 205. Determine t(-14).
47
Let z(p) = p**2 - 132*p - 3035. Determine z(-20).
5
Let s(h) = 8*h + 43. What is s(-31)?
-205
Let o(j) = -2*j**3 - 111*j**2 - 162*j + 56. Give o(-54).
56
Let p(d) = -d**2 - 217*d - 4104. Give p(-21).
12
Let z(t) = -35*t - 276. Determine z(-8).
4
Let z(v) = 131*v**2 + 14671*v - 110. What is z(-112)?
2
Let r(j) = -4*j**3 - 6*j**2 - 2*j - 1. Calculate r(-4).
167
Let n(t) = -8*t**2 + 24*t + 5. Calculate n(3).
5
Let b(f) = 23*f**2 + 255*f + 11. Determine b(-11).
-11
Let w(n) = n**3 - 6*n**2 + 12*n + 8. Give w(3).
17
Let u(k) = k**3 - k**2 - k + 130. Give u(0).
130
Let z(f) = -16*f + 561. Give z(37).
-31
Let b(v) = -v**3 + v**2 + 4*v - 40. What is b(0)?
-40
Let y(f) = 4*f**2 - 10*f - 20. Calculate y(8).
156
Let n(w) = -w**2 + 24*w + 25. Give n(-2).
-27
Let b(a) = -a**2 + 17*a + 1370. Give b(-30).
-40
Let x(u) = 2*u**3 + 7*u**2 - 5*u - 3. What is x(3)?
99
Let z(f) = -32*f - 769. Give z(-24).
-1
Let x(t) = t**3 - 29*t**2 + 86*t - 216. What is x(26)?
-8
Let r(j) = -j**3 + 5*j**2 + 15*j - 29. Determine r(9).
-218
Let o(q) = 2*q**3 + 2*q**2 - 311*q - 16. Give o(12).
-4
Let c(t) = -t**2 - 18*t - 76. Calculate c(-11).
1
Let w(d) = -28*d - 2060. What is w(-82)?
236
Let a(w) = -w**3 - 26*w**2 - 39*w - 32. Calculate a(-22).
-1110
Let c(a) = -6*a**3 - a**2 + 16*a + 6. Give c(0).
6
Let u(s) = s**3 + s**2 - 23*s + 57. Determine u(2).
23
Let l(f) = -6*f + 53. Give l(2).
41
Let w(d) = -180*d**2 + 710*d + 43. Give w(4).
3
Let g(w) = 3*w**2 - 142*w - 105. Calculate g(47).
-152
Let v(p) = 7*p**2 - 60*p - 70. Calculate v(10).
30
Let q(t) = 11*t**2 - 139*t + 18. Calculate q(17).
834
Let u(v) = -v**3 - 68*v**2 - 1148*v - 32. Determine u(-31).
-1
Let m(a) = -16*a + 38. Give m(1).
22
Let u(q) = -q**2 - 66*q - 592. Calculate u(-12).
56
Let s(a) = -13*a**2 - 24*a + 3. Calculate s(-1).
14
Let k(j) = 18*j + 614. Calculate k(-32).
38
Let g(s) = 819*s - 3236. What is g(4)?
40
Let i(l) = l**2 - 60*l + 1034. Calculate i(22).
198
Let m(d) = 89*d + 75. What is m(3)?
342
Let v(y) = -2*y**2 - 43*y + 855. What is v(-34)?
5
Let k(a) = -a**2 + 24*a + 36. Give k(27).
-45
Let l(t) = 8*t**3 - 3*t**2 - 6*t - 13. Determine l(-3).
-238
Let x(s) = 19*s**2 - 649*s + 98. Calculate x(34).
-4
Let r(j) = -464*j - 2723. Give r(-6).
61
Let z(g) = g**3 - 9*g**2 - 12*g - 1. Calculate z(-1).
1
Let p(a) = 218*a**2 - 1526*a - 1. What is p(7)?
-1
Let i(c) = -4*c**3 - 15*c**2 + 40*c - 24. What is i(1)?
-3
Let d(o) = o**2 + 29*o + 211. Calculate d(-12).
7
Let h(f) = f**3 - 5*f**2 - 29*f + 29. Give h(6).
-109
Let j(x) = 38*x**3 + x**2 + 2*x + 2. Give j(-1).
-37
Let k(u) = u**2 + 4*u - 10. Give k(-17).
211
Let d(y) = 2*y**3 - 2*y**2 - 96*y + 71. Calculate d(7).
-13
Let w(b) = 16*b**2 - 97*b + 157. Calculate w(3).
10
Let v(l) = 6*l**2 + 8*l - 11. What is v(-2)?
-3
Let u(y) = y**3 + 233*y**2 + 1362*y + 5. Calculate u(-227).
5
Let o(q) = 406*q + 12. What is o(0)?
12
Let b(g) = -28*g + 22. Calculate b(2).
-34
Let a(i) = 8*i + 198. Give a(-23).
14
Let o(t) = -t**3 + 11*t**2 - 12*t - 22. What is o(8)?
74
Let o(f) = -13*f**2 + 1957*f + 901. Determine o(151).
-5
Let w(q) = 81*q - 258. Calculate w(5).
147
Let y(a) = a**3 + 60. Determine y(0).
60
Let k(a) = -3*a**2 - 119*a - 111. Give k(-34).
467
Let r(v) = v**2 